{"version":"1.0","provider_name":"Blog de Basor Electric","provider_url":"https:\/\/www.basor.com\/blog","author_name":"basor","author_url":"https:\/\/www.basor.com\/blog\/author\/basor\/","title":"FERM\u00c9 POUR LA P\u00c9RIODE DES VACANCES - \u00c9T\u00c9 - Blog de Basor Electric","type":"rich","width":600,"height":338,"html":"<blockquote class=\"wp-embedded-content\" data-secret=\"MXqbJcvKjq\"><a href=\"https:\/\/www.basor.com\/blog\/fr\/ferme-pour-la-periode-des-vacances-ete\/\">FERM\u00c9 POUR LA P\u00c9RIODE DES VACANCES &#8211; \u00c9T\u00c9<\/a><\/blockquote><iframe sandbox=\"allow-scripts\" security=\"restricted\" src=\"https:\/\/www.basor.com\/blog\/fr\/ferme-pour-la-periode-des-vacances-ete\/embed\/#?secret=MXqbJcvKjq\" width=\"600\" height=\"338\" title=\"\u00abFERM\u00c9 POUR LA P\u00c9RIODE DES VACANCES &#8211; \u00c9T\u00c9\u00bb \u2014 Blog de Basor Electric\" data-secret=\"MXqbJcvKjq\" frameborder=\"0\" marginwidth=\"0\" marginheight=\"0\" scrolling=\"no\" class=\"wp-embedded-content\"><\/iframe><script type=\"text\/javascript\">\n\/*! This file is auto-generated *\/\n!function(c,l){\"use strict\";var e=!1,o=!1;if(l.querySelector)if(c.addEventListener)e=!0;if(c.wp=c.wp||{},c.wp.receiveEmbedMessage);else if(c.wp.receiveEmbedMessage=function(e){var t=e.data;if(!t);else if(!(t.secret||t.message||t.value));else if(\/[^a-zA-Z0-9]\/.test(t.secret));else{for(var r,s,a,i=l.querySelectorAll('iframe[data-secret=\"'+t.secret+'\"]'),n=l.querySelectorAll('blockquote[data-secret=\"'+t.secret+'\"]'),o=0;o<n.length;o++)n[o].style.display=\"none\";for(o=0;o<i.length;o++)if(r=i[o],e.source!==r.contentWindow);else{if(r.removeAttribute(\"style\"),\"height\"===t.message){if(1e3<(s=parseInt(t.value,10)))s=1e3;else if(~~s<200)s=200;r.height=s}if(\"link\"===t.message)if(s=l.createElement(\"a\"),a=l.createElement(\"a\"),s.href=r.getAttribute(\"src\"),a.href=t.value,a.host===s.host)if(l.activeElement===r)c.top.location.href=t.value}}},e)c.addEventListener(\"message\",c.wp.receiveEmbedMessage,!1),l.addEventListener(\"DOMContentLoaded\",t,!1),c.addEventListener(\"load\",t,!1);function t(){if(o);else{o=!0;for(var e,t,r,s=-1!==navigator.appVersion.indexOf(\"MSIE 10\"),a=!!navigator.userAgent.match(\/Trident.*rv:11\\.\/),i=l.querySelectorAll(\"iframe.wp-embedded-content\"),n=0;n<i.length;n++){if(!(r=(t=i[n]).getAttribute(\"data-secret\")))r=Math.random().toString(36).substr(2,10),t.src+=\"#?secret=\"+r,t.setAttribute(\"data-secret\",r);if(s||a)(e=t.cloneNode(!0)).removeAttribute(\"security\"),t.parentNode.replaceChild(e,t);t.contentWindow.postMessage({message:\"ready\",secret:r},\"*\")}}}}(window,document);\n<\/script>\n","thumbnail_url":"https:\/\/www.basor.com\/blog\/wp-content\/uploads\/2023\/07\/image-2-1024x683.png","thumbnail_width":1024,"thumbnail_height":683,"description":"Nous vous informons de la fermeture de nos bureaux et de notre centre logistique pour les cong\u00e9s d&#8217;\u00e9t\u00e9 2023.&nbsp; Nos bureaux et notre d\u00e9p\u00f4t \u00e0 Issoire seront ferm\u00e9s du 12\/08 au 27\/08. L&#8217;activit\u00e9 de l&#8217;usine sera quant \u00e0 elle fortement r\u00e9duite durant le mois d&#8217;ao\u00fbt, la production et la logistique \u00e9tant interrompues du 14\/08 au 18\/08.\u00a0Compte tenu de la diminution de l\u2019activit\u00e9 des transporteurs les semaines \u00e0 venir, qu&#8217;il s&#8217;agisse de livraisons directes d\u2019usine ou d\u2019exp\u00e9ditions depuis notre magasin local, nous vous prions d&#8217;anticiper tous vos besoins et de passer vos commandes, dans la mesure du possible avant la p\u00e9riode plus sensible.\u00a0Notre boite mail g\u00e9n\u00e9rale reste \u00e0 votre disposition pour toutes vos demandes de renseignements et vos commandes\u00a0: basorelectric@basor.com Nous vous remercions par avance de votre collaboration et profitons de l&#8217;occasion pour vous adresser nos salutations les plus sinc\u00e8res. Basor Electric vous souhaite un bon \u00e9t\u00e9!"}

FERMÉ POUR LA PÉRIODE DES VACANCES - ÉTÉ - Blog de Basor Electric

<blockquote class="wp-embedded-content" data-secret="MXqbJcvKjq"><a href="https://www.basor.com/blog/fr/ferme-pour-la-periode-des-vacances-ete/">FERMÉ POUR LA PÉRIODE DES VACANCES &#8211; ÉTÉ</a></blockquote><iframe sandbox="allow-scripts" security="restricted" src="https://www.basor.com/blog/fr/ferme-pour-la-periode-des-vacances-ete/embed/#?secret=MXqbJcvKjq" width="600" height="338" title="«FERMÉ POUR LA PÉRIODE DES VACANCES &#8211; ÉTÉ» — Blog de Basor Electric" data-secret="MXqbJcvKjq" frameborder="0" marginwidth="0" marginheight="0" scrolling="no" class="wp-embedded-content"></iframe><script type="text/javascript">
/*! This file is auto-generated */
!function(c,l){"use strict";var e=!1,o=!1;if(l.querySelector)if(c.addEventListener)e=!0;if(c.wp=c.wp||{},c.wp.receiveEmbedMessage);else if(c.wp.receiveEmbedMessage=function(e){var t=e.data;if(!t);else if(!(t.secret||t.message||t.value));else if(/[^a-zA-Z0-9]/.test(t.secret));else{for(var r,s,a,i=l.querySelectorAll('iframe[data-secret="'+t.secret+'"]'),n=l.querySelectorAll('blockquote[data-secret="'+t.secret+'"]'),o=0;o<n.length;o++)n[o].style.display="none";for(o=0;o<i.length;o++)if(r=i[o],e.source!==r.contentWindow);else{if(r.removeAttribute("style"),"height"===t.message){if(1e3<(s=parseInt(t.value,10)))s=1e3;else if(~~s<200)s=200;r.height=s}if("link"===t.message)if(s=l.createElement("a"),a=l.createElement("a"),s.href=r.getAttribute("src"),a.href=t.value,a.host===s.host)if(l.activeElement===r)c.top.location.href=t.value}}},e)c.addEventListener("message",c.wp.receiveEmbedMessage,!1),l.addEventListener("DOMContentLoaded",t,!1),c.addEventListener("load",t,!1);function t(){if(o);else{o=!0;for(var e,t,r,s=-1!==navigator.appVersion.indexOf("MSIE 10"),a=!!navigator.userAgent.match(/Trident.*rv:11\./),i=l.querySelectorAll("iframe.wp-embedded-content"),n=0;n<i.length;n++){if(!(r=(t=i[n]).getAttribute("data-secret")))r=Math.random().toString(36).substr(2,10),t.src+="#?secret="+r,t.setAttribute("data-secret",r);if(s||a)(e=t.cloneNode(!0)).removeAttribute("security"),t.parentNode.replaceChild(e,t);t.contentWindow.postMessage({message:"ready",secret:r},"*")}}}}(window,document);
</script>

Nous vous informons de la fermeture de nos bureaux et de notre centre logistique pour les congés d&#8217;été 2023.&nbsp; Nos bureaux et notre dépôt à Issoire seront fermés du 12/08 au 27/08. L&#8217;activité de l&#8217;usine sera quant à elle fortement réduite durant le mois d&#8217;août, la production et la logistique étant interrompues du 14/08 au 18/08. Compte tenu de la diminution de l’activité des transporteurs les semaines à venir, qu&#8217;il s&#8217;agisse de livraisons directes d’usine ou d’expéditions depuis notre magasin local, nous vous prions d&#8217;anticiper tous vos besoins et de passer vos commandes, dans la mesure du possible avant la période plus sensible. Notre boite mail générale reste à votre disposition pour toutes vos demandes de renseignements et vos commandes : basorelectric@basor.com Nous vous remercions par avance de votre collaboration et profitons de l&#8217;occasion pour vous adresser nos salutations les plus sincères. Basor Electric vous souhaite un bon été!
